divided by 7?
6
Let j(a) = 9*a + 4. Let s be j(-3). Let c(z) = -2*z - 26. What is the remainder when 139 is divided by c(s)?
19
Let g(a) = -139*a - 321. What is the remainder when g(-3) is divided by 69?
27
Let q be (-2)/(4/6) + (-395)/5. Let w = 106 + q. Calculate the remainder when (-1 - -4)*(-62)/(-2) is divided by w.
21
Suppose -5*x + 803 = 198. Calculate the remainder when x is divided by 36.
13
Suppose 7*h + 271 = 376. Calculate the remainder when h is divided by 7.
1
Let p(z) = 5*z**2 + 5*z + 7. Let d = 59 + -39. What is the remainder when p(-3) is divided by d?
17
Let t(c) = 3*c**2 + 57*c - 44. What is the remainder when 191 is divided by t(-20)?
15
Let g(k) = -k**2 - 18*k - 51. Let t be g(-17). Let m = -25 - t. What is the remainder when m is divided by 5?
4
Let c be 1/((-9)/(-246))*3. Suppose c + 70 = 8*d. What is the remainder when 35 is divided by d?
16
Suppose -2*f - 4*j = -10, -4*f + 64 = -0*j - 3*j. What is the remainder when 19/57 + (-74)/(-3) is divided by f?
12
Suppose s - 818 = -3*j, -4*j - 6*s = -10*s - 1112. Calculate the remainder when j is divided by 25.
24
Let j be (-1)/2 - (-4)/(-8). Let c be j/(2/18*1). Calculate the remainder when 79 is divided by (-182)/(-9) + 2/c.
19
Let s(b) = b**2 + 4*b - 2. Let m(j) = j**3 + 9*j**2 + 6*j - 11. Calculate the remainder when m(-8) is divided by s(1).
2
Let g = -11 + 21. Let v be (-282)/(-8) + (-2)/8. Let w = 2 + v. What is the remainder when w is divided by g?
7
Suppose -3*t - 2*p + 77 = 0, 73 = t + t - 3*p. Suppose 5*o + k - 387 = 0, 16*o + k = 5*k + 1224. What is the remainder when o is divided by t?
19
Calculate the remainder when 23 is divided by ((-99)/36*4)/(-2 - -1).
1
Suppose 0 = 2*l - 6*n + 2*n + 2, -l - 4*n + 5 = 0. What is the remainder when 67 is divided by (-9 - (l + -3))/(3/(-6))?
11
Let b be ((-69)/6)/(3/(-6)). Let v = b + -4. Calculate the remainder when (-1554)/(-39) + -3 - 42/(-273) is divided by v.
18
Suppose 2*n = c - 37 + 24, -5*c + 121 = 4*n. Calculate the remainder when c is divided by 7.
0
Suppose 7*w - 3*w = 4*x - 52, 0 = -2*w - x - 23. Let l(k) = -k**3 - 11*k**2 + 10*k - 6. Calculate the remainder when 51 is divided by l(w).
15
What is the remainder when 63/14*(-68)/(-3) is divided by 49?
4
Suppose -8*d = -2*n - 7*d + 71, -3*n = -d - 105. Calculate the remainder when 75 is divided by n.
7
Let c = 34 - 32. Suppose -5*j + 144 = -i, -i + c*i = -4. What is the remainder when 111 is divided by j?
27
Let m(i) = -i**3 - 21*i**2 - 22*i - 40. Let y be m(-20). Suppose y = 10*x - 23*x + 143. Let b = 15 - 8. Calculate the remainder when x is divided by b.
4
Suppose 10 = 5*v, -5*z - 3*v + 7 = -14. Suppose 5*d - z*d + 66 = 0. What is the remainder when 50 is divided by (3/(-2))/(d/572)?
24
Suppose 3*a - 7 = 5. Suppose -z + 4 = 2*p, z + 22 = 4*z + a*p. Suppose -44 = h - 125. Calculate the remainder when h is divided by z.
11
Let j be (24/10)/(6/465). Suppose -2*k + j = k. What is the remainder when k is divided by 16?
14
Calculate the remainder when 1977 - 1*(-12 - -10) is divided by 36.
35
Let b = -51 + 84. Calculate the remainder when 112 is divided by b.
13
Suppose -5*p + 17 = -2*r, 7 = 4*r - 5*r + 2*p. Let o = r - 2. What is the remainder when 33 is divided by 21*(-2 - o) - 3?
15
Let k(d) = -2*d**2 - 23*d + 17. Let t be k(-10). Suppose -2*q + 4*y + t = q, q + y - 25 = 0. Calculate the remainder when 61 is divided by q.
19
Suppose -2*o + 235 = -7*o. Let u = o + 121. Suppose -2*i + 4*s + 27 = i, u = 5*i + 3*s. Calculate the remainder when 51 is divided by i.
12
Let y = -64 + 76. Calculate the remainder when 95 is divided by y.
11
Suppose -6 = 3*u - 6*u. Suppose 5*v - 2*o - 41 = 0, 3*v + 6 = 3*o + 27. Calculate the remainder when v is divided by u.
1
Let j = -40 + 63. Suppose -j*b + 21*b = -34. Suppose 3*a + 5 = v, 3*v - 4*a - 6 = 9. Calculate the remainder when b is divided by v.
2
Let m = 194 - 138. Calculate the remainder when 110 is divided by m.
54
Let g be (4/5)/((-12)/(-30)). What is the remainder when (0 - (g + -1))*-19 is divided by 4?
3
Let k(r) = -r**2 + 12*r - 7. Suppose z - 13 = 4. Suppose -z*q + 100 = -13*q. What is the remainder when q is divided by k(10)?
12
Let f(v) = -v + 9. Let q be f(-5). Suppose 0*c + 3*c + 33 = 0. Let p = q + c. Calculate the remainder when 3 is divided by p.
0
Suppose 0 = 4*x + 4*b - 56, -x - 3*b + 12 + 0 = 0. Calculate the remainder when 29 is divided by x.
14
Let r(m) = 4*m**2 - 13*m + 22. Let n(d) = -5*d**2 + 14*d - 21. Let w(i) = 3*n(i) + 4*r(i). Calculate the remainder when 12 is divided by w(3).
0
Let a be ((-102)/(-4) - 5)*6. Let m = 288 + a. What is the remainder when m is divided by 59?
57
Let d(w) = -9*w**2 - 299*w - 47. Let a = -14 - -67. What is the remainder when a is divided by d(-33)?
15
Let m(w) = 8*w**2 - 64*w + 128. Suppose 0*j = j + k - 11, -5*j = -3*k - 23. Calculate the remainder when m(2) is divided by j.
4
Let s(b) = -27*b + 407. Calculate the remainder when 637 is divided by s(14).
28
Suppose -96 = -2*r - 2*d, 7*r - 10*r - 2*d = -146. Calculate the remainder when r is divided by 13.
11
Calculate the remainder when 833 is divided by (-6 - -6)/6 - -44.
41
Calculate the remainder when 99 is divided by 92/(-7)*7/(-2).
7
Suppose 0 = t - 3*t + 8. Suppose 0*z + 2*z - t = 0. Calculate the remainder when z is divided by 1.
0
Calculate the remainder when 49 is divided by (-6 - -2)*(10 - 11).
1
Let l = -99 + 126. Calculate the remainder when l is divided by 27.
0
Suppose 0*b = 4*b - 8. Let p = 45 + -39. Calculate the remainder when (28/8)/(b/12) is divided by p.
3
Suppose 2*g = -5*h - 13, -g + 6*g + 21 = -h. What is the remainder when ((-179)/(-4) - h) + 4/16 is divided by 12?
10
Let p(x) = 10*x**2 + 36*x - 179. What is the remainder when p(4) is divided by 55?
15
Let g(y) = y**2 - 4*y - 3. Let h be g(4). Let l be h - (1 - (-4)/(-2)). Let i = 4 + l. Calculate the remainder when 2 is divided by i.
0
Suppose -5 = -d, r + 94 = -5*d - 35. Let f = r - -224. Calculate the remainder when f is divided by 25.
20
Suppose 0 = -4*s - 2*m + 56, 0 = -s + 8*m - 5*m + 14. Calculate the remainder when 38 is divided by s.
10
Suppose 44 = h - 4*x, -188 = -0*h - 3*h - 2*x. Let z = 75 - h. What is the remainder when 27 is divided by z?
12
Suppose 0 = 18*c - 23 - 733. Calculate the remainder when 334 is divided by c.
40
Suppose 0 = -5*g - w + 639, 2*w = -g + 128 + 7. Let p = 36 + -26. Calculate the remainder when g is divided by p.
7
Calculate the remainder when 15 is divided by (-31 - -23)*(-6)/4.
3
Suppose 6*p - 39 = 3*p. Suppose -5*v + 4*u = -293, 2*v + 3*u + u - 106 = 0. Suppose 5*d = 53 + v. Calculate the remainder when d is divided by p.
9
Let q = 1509 + -1502. What is the remainder when q is divided by 5?
2
Suppose 0*i + 3*i - 111 = -2*v, 111 = 3*i - v. Suppose 12*x = 157 + 11. What is the remainder when i is divided by x?
9
Suppose 131 - 467 = -14*g. What is the remainder when 67 is divided by g?
19
Suppose u = 6*u - 60. Suppose -5*f + o - 13 = 0, f + 3*o + u - 3 = 0. What is the remainder when (31/2)/(f/(-6)) is divided by 11?
9
Let s = 60 + -46. Calculate the remainder when 194 is divided by s.
12
Let h = -706 - -759. What is the remainder when 474 is divided by h?
50
Let z = 17 + -18. Calculate the remainder when -19*(2/z - -1) is divided by 10.
9
Suppose -7 = -3*s + 8. Suppose 14*f = 41 + 15. Calculate the remainder when s is divided by f.
1
Let a = 121 - 117. Suppose -3*k + 4*k - 66 = -2*h, 4*h - 132 = -a*k. What is the remainder when h is divided by 6?
3
Let q(w) = 3*w**3 + w**2 + 5*w - 16. Let u(x) = 7*x**3 + 2*x**2 + 10*x - 33. Let b(y) = -9*q(y) + 4*u(y). Calculate the remainder when b(6) is divided by 41.
39
Let i = -255 + 379. Suppose -3*m + 79 = -4*y, 5*y + 18 = -2. Calculate the remainder when i is divided by m.
19
Let i(y) = y**3 - 7*y**2 + 6*y + 6. Let h be i(6). Suppose -t = -29 + h. What is the remainder when 44 is divided by t?
21
Suppose 25 = -3*o + 262. Calculate the remainder when o is divided by 12.
7
Let l = -212 + 99. Let k = 123 + l. What is the remainder when 68 is divided by k?
8
Let b = -450 + 455. Calculate the remainder when b is divided by 5.
0
Suppose -5*w + 57 - 12 = 0. Let d(p) be the second derivative of -p**3/3 - 15*p**2/2 - p. Calculate the remainder when w is divided by d(-10).
4
Let j be 